
False
Is 24989 prime?
True
Is 172741 prime?
True
Is 193663 prime?
True
Is 193967 a prime number?
False
Is 1459 composite?
False
Is 109217 composite?
True
Is 117497 composite?
False
Is 76421 a prime number?
True
Is 2151781 a prime number?
True
Is 145177 a composite number?
False
Is 6803 composite?
False
Is 1019209 a prime number?
True
Is 407957 a prime number?
False
Is 45061 a composite number?
False
Is 3137 a composite number?
False
Is 1177327 composite?
True
Is 138219 a prime number?
False
Is 331 a composite number?
False
Is 1141 a composite number?
True
Is 139823 a composite number?
True
Is 52147 a composite number?
False
Is 187873 prime?
False
Is 319457 prime?
False
Is 15395 prime?
False
Is 17455 prime?
False
Is 288767 a prime number?
True
Is 1396049 a prime number?
True
Is 60043 prime?
False
Is 106487 composite?
False
Is 15959 composite?
False
Is 19319 a prime number?
True
Is 314159 prime?
True
Is 8842 prime?
False
Is 17933 a prime number?
False
Is 7181 a prime number?
False
Is 67447 composite?
False
Is 91631 a prime number?
True
Is 4409 composite?
False
Is 125497 a composite number?
False
Is 28505 a prime number?
False
Is 1655 composite?
True
Is 385531 a composite number?
False
Is 9967 a composite number?
False
Is 177851 prime?
False
Is 227089 prime?
True
Is 199181 composite?
False
Is 29303 prime?
True
Is 42557 prime?
True
Is 16619 a prime number?
True
Is 1497 prime?
False
Is 7057 a composite number?
False
Is 6865 composite?
True
Is 98311 a prime number?
False
Is 147629 a composite number?
False
Is 53329 prime?
False
Is 23 a composite number?
False
Is 41279 a prime number?
False
Is 95894 a composite number?
True
Is 13223 prime?
False
Is 2161 a composite number?
False
Is 7217 a prime number?
False
Is 78691 a composite number?
False
Is 63029 a composite number?
False
Is 72263 a composite number?
True
Is 10669 a composite number?
True
Is 119065 a prime number?
False
Is 16663 composite?
True
Is 10267 prime?
True
Is 32543 prime?
False
Is 4327 prime?
True
Is 2563 a composite number?
True
Is 231317 a prime number?
True
Is 28151 composite?
False
Is 354209 a prime number?
True
Is 967 prime?
True
Is 17513 composite?
True
Is 1621 prime?
True
Is 131861 a composite number?
False
Is 1744331 prime?
True
Is 30746 a composite number?
True
Is 65774 composite?
True
Is 15227 a composite number?
False
Is 80809 composite?
False
Is 35671 a composite number?
False
Is 143 a composite number?
True
Is 1421367 a composite number?
True
Is 90745 composite?
True
Is 6497 prime?
False
Is 7022 a prime number?
False
Is 11519 composite?
False
Is 3793 a prime number?
True
Is 76899 a composite number?
True
Is 233677 prime?
False
Is 2149 composite?
True
Is 179983 a composite number?
True
Is 3089 a prime number?
True
Is 793529 prime?
False
Is 176941 a composite number?
True
Is 208187 composite?
True
Is 140473 prime?
True
Is 1799701 a composite number?
False
Is 572991 a composite number?
True
Is 47087 a composite number?
False
Is 73397 a composite number?
True
Is 281437 prime?
False
Is 142657 composite?
False
Is 3821 a prime number?
True
Is 713227 prime?
True
Is 4758298 a composite number?
True
Is 5979 composite?
True
Is 10589 composite?
False
Is 416201 a composite number?
False
Is 124941 composite?
True
Is 68617 a prime number?
False
Is 15919 prime?
True
Is 309137 composite?
False
Is 1238313 a prime number?
False
Is 8777 a composite number?
True
Is 851347 a prime number?
False
Is 290197 prime?
False
Is 493201 a composite number?
False
Is 22511 a prime number?
True
Is 22871 prime?
True
Is 1197103 prime?
True
Is 39407 prime?
False
Is 18113 a composite number?
True
Is 39253 composite?
True
Is 143126 a prime number?
False
Is 4861 prime?
True
Is 98981 a composite number?
False
Is 1409 composite?
False
Is 198623 a composite number?
False
Is 6503 a prime number?
False
Is 4358221 a composite number?
True
Is 16163 composite?
True
Is 102793 prime?
True
Is 16294 a composite number?
True
Is 27887 a composite number?
True
Is 735815 prime?
False
Is 54797 prime?
False
Is 501431 composite?
True
Is 16729 a prime number?
True
Is 369617 prime?
False
Is 12781 composite?
False
Is 7789 prime?
True
Is 7789 a prime number?
True
Is 2132359 a composite number?
False
Is 5161 a prime number?
False
Is 2281 a composite number?
False
Is 677 composite?
False
Is 3359 prime?
True
Is 647 composite?
False
Is 239 a composite number?
False
Is 113327 composite?
False
Is 374921 a composite number?
True
Is 33409 composite?
False
Is 2137133 composite?
False
Is 1663 prime?
True
Is 2809447 composite?
True
Is 73939 a prime number?
True
Is 78121 a prime number?
True
Is 144079 a prime number?
False
Is 7057 composite?
False
Is 33641 a prime number?
True
Is 14954 a prime number?
False
Is 142583 a composite number?
True
Is 32647 prime?
True
Is 4011557 a prime number?
False
Is 8187 a composite number?
True
Is 619247 a composite number?
False
Is 141601 prime?
True
Is 914 prime?
False
Is 291 prime?
False
Is 2149 composite?
True
Is 22931 composite?
True
Is 51293 prime?
False
Is 14237 prime?
False
Is 468827 a composite number?
True
Is 96893 a composite number?
False
Is 968407 a composite number?
True
Is 29459 composite?
True
Is 146 composite?
True
Is 1420777 a composite number?
False
Is 66961 prime?
False
Is 4567 prime?
True
Is 6779 a composite number?
False
Is 8743 composite?
True
Is 342929 a composite number?
False
Is 34249 composite?
True
Is 216718 composite?
True
Is 539909 a composite number?
True
Is 3382063 prime?
True
Is 6421 composite?
False
Is 37087 prime?
True
Is 26779 a composite number?
True
Is 39779 a prime number?
True
Is 18853 composite?
True
Is 737843 a prime number?
True
Is 142483 a prime number?
False
Is 5147 composite?
False
Is 705883 composite?
False
Is 849991 composite?
False
Is 16043 prime?
False
Is 4201 composite?
False
Is 14963 prime?
False
Is 5507 prime?
True
Is 30689 a prime number?
True
Is 238591 composite?
False
Is 235343 composite?
True
Is 1259 a prime number?
True
Is 11246 composite?
True
Is 5509 prime?
False
Is 42259 a prime number?
False
Is 121477 prime?
False
Is 73099 a composite number?
True
Is 22739 a prime number?
True
Is 93871 a composite number?
False
Is 120749 a prime number?
True
Is 5627 composite?
True
Is 15259 prime?
True
Is 245171 a composite number?
False
Is 118229 prime?
False
Is 5079 composite?
True
Is 1795 prime?
False
Is 2544517 composite?
False
Is 883 composite?
False
Is 6739 prime?
False
Is 19891577 a prime number?
True
Is 70529 composite?
False
Is 1241 a composite number?
True
Is 2161823 composite?
False
Is 27143 prime?
True
Is 677057 composite?
False
Is 9413 composite?
False
Is 6911 composite?
False
Is 1144765 a composite number?
True
Is 1924457 composite?
False
Is 529 a composite number?
True
Is 32117 a prime number?
True
Is 343121 composite?
True
Is 6029 a prime number?
True
Is 503563 a prime number?
True
Is 14321 composite?
False
Is 190261 a prime number?
True
Is 1326526 a composite number?
True
Is 54141 prime?
False
Is 59693 composite?
False
Is 8419 prime?
True
Is 69973 composite?
True
Is 38039 a prime number?
True
Is 290203 a composite number?
True
Is 989 a composite number?
True
Is 833909 a composite number?
True
Is 43511 a prime number?
False
Is 132679 a composite number?
False
Is 30289 a prime number?
False
Is 82651 prime?
True
Is 29483 a composite number?
False
Is 2479 prime?
False
Is 38803 prime?
True
Is 41653 a composite number?
True
Is 159127 prime?
False
Is 22433 a prime number?
True
Is 457753 a composite number?
True
Is 72967 composite?
True
Is 6113 composite?
False
Is 34 a composite number?
True
Is 4685 a prime number?
False
Is 19769 prime?
False
Is 12841 a prime number?
True
Is 83903 a composite number?
False
Is 28387 composite?
False
Is 1202889 composite?
True
Is 331 a prime number?
True
Is 6779 composite?
False
Is 7561 prime?
True
Is 101957 a composite number?
False
Is 229882 prime?
False
Is 271 a composite number?
False
Is 3251 a composite number?
False
Is 6999 a prime number?
False
Is 19661 a composite number?
False
Is 24286 a composite number?
True
Is 1233751 a composite number?
False
Is 49655 a composite number?
True
Is 7123 composite?
True
Is 38345 a prime number?
False
Is 12343 prime?
True
Is 30633 composite?
True
Is 1431103 a composite number?
True
Is